{"id":131202,"date":"2025-10-11T12:06:53","date_gmt":"2025-10-11T10:06:53","guid":{"rendered":"https:\/\/www.notariosyregistradores.com\/web\/wp-content\/uploads\/2025\/10\/Palma_de_Mallorca-nocturna.jpg"},"modified":"2025-10-11T12:09:25","modified_gmt":"2025-10-11T10:09:25","slug":"palma_de_mallorca-nocturna","status":"inherit","type":"attachment","link":"https:\/\/www.notariosyregistradores.com\/web\/normas\/informes-mensuales\/no-te-lo-pierdas-septiembre-2025\/attachment\/palma_de_mallorca-nocturna\/","title":{"rendered":"Palma_de_Mallorca-nocturna"},"author":10,"featured_media":0,"comment_status":"open","ping_status":"closed","template":"","meta":{"_bbp_topic_count":0,"_bbp_reply_count":0,"_bbp_total_topic_count":0,"_bbp_total_reply_count":0,"_bbp_voice_count":0,"_bbp_anonymous_reply_count":0,"_bbp_topic_count_hidden":0,"_bbp_reply_count_hidden":0,"_bbp_forum_subforum_count":0},"class_list":["post-131202","attachment","type-attachment","status-inherit"],"description":{"rendered":"<p class=\"attachment\"><a href='https:\/\/www.notariosyregistradores.com\/web\/wp-content\/uploads\/2025\/10\/Palma_de_Mallorca-nocturna.jpg'><img loading=\"lazy\" decoding=\"async\" width=\"300\" height=\"236\" src=\"https:\/\/www.notariosyregistradores.com\/web\/wp-content\/uploads\/2025\/10\/Palma_de_Mallorca-nocturna-300x236.jpg\" class=\"attachment-medium size-medium\" alt=\"\" srcset=\"https:\/\/www.notariosyregistradores.com\/web\/wp-content\/uploads\/2025\/10\/Palma_de_Mallorca-nocturna-300x236.jpg 300w, https:\/\/www.notariosyregistradores.com\/web\/wp-content\/uploads\/2025\/10\/Palma_de_Mallorca-nocturna-1024x806.jpg 1024w, https:\/\/www.notariosyregistradores.com\/web\/wp-content\/uploads\/2025\/10\/Palma_de_Mallorca-nocturna-768x604.jpg 768w, https:\/\/www.notariosyregistradores.com\/web\/wp-content\/uploads\/2025\/10\/Palma_de_Mallorca-nocturna-500x393.jpg 500w, https:\/\/www.notariosyregistradores.com\/web\/wp-content\/uploads\/2025\/10\/Palma_de_Mallorca-nocturna.jpg 1200w\" sizes=\"auto, (max-width: 300px) 100vw, 300px\" \/><\/a><\/p>\n"},"caption":{"rendered":"<p>Vista nocturna de la catedral de Palma de Mallorca. Por Silvia N\u00fa\u00f1ez S\u00e1nchez.<\/p>\n"},"alt_text":"","media_type":"image","mime_type":"image\/jpeg","media_details":{"width":1200,"height":944,"file":"2025\/10\/Palma_de_Mallorca-nocturna.jpg","filesize":289426,"sizes":{"medium":{"file":"Palma_de_Mallorca-nocturna-300x236.jpg","width":300,"height":236,"filesize":13012,"mime_type":"image\/jpeg","source_url":"https:\/\/www.notariosyregistradores.com\/web\/wp-content\/uploads\/2025\/10\/Palma_de_Mallorca-nocturna-300x236.jpg"},"large":{"file":"Palma_de_Mallorca-nocturna-1024x806.jpg","width":1024,"height":806,"filesize":128505,"mime_type":"image\/jpeg","source_url":"https:\/\/www.notariosyregistradores.com\/web\/wp-content\/uploads\/2025\/10\/Palma_de_Mallorca-nocturna-1024x806.jpg"},"thumbnail":{"file":"Palma_de_Mallorca-nocturna-150x150.jpg","width":150,"height":150,"filesize":5407,"mime_type":"image\/jpeg","source_url":"https:\/\/www.notariosyregistradores.com\/web\/wp-content\/uploads\/2025\/10\/Palma_de_Mallorca-nocturna-150x150.jpg"},"medium_large":{"file":"Palma_de_Mallorca-nocturna-768x604.jpg","width":768,"height":604,"filesize":71432,"mime_type":"image\/jpeg","source_url":"https:\/\/www.notariosyregistradores.com\/web\/wp-content\/uploads\/2025\/10\/Palma_de_Mallorca-nocturna-768x604.jpg"},"post-thumbnail":{"file":"Palma_de_Mallorca-nocturna-500x393.jpg","width":500,"height":393,"filesize":30808,"mime_type":"image\/jpeg","source_url":"https:\/\/www.notariosyregistradores.com\/web\/wp-content\/uploads\/2025\/10\/Palma_de_Mallorca-nocturna-500x393.jpg"},"cmplz_banner_image":{"file":"Palma_de_Mallorca-nocturna-350x100.jpg","width":350,"height":100,"filesize":7965,"mime_type":"image\/jpeg","source_url":"https:\/\/www.notariosyregistradores.com\/web\/wp-content\/uploads\/2025\/10\/Palma_de_Mallorca-nocturna-350x100.jpg"},"full":{"file":"Palma_de_Mallorca-nocturna.jpg","width":1200,"height":944,"mime_type":"image\/jpeg","source_url":"https:\/\/www.notariosyregistradores.com\/web\/wp-content\/uploads\/2025\/10\/Palma_de_Mallorca-nocturna.jpg"}},"image_meta":{"aperture":"0","credit":"","camera":"","caption":"","created_timestamp":"1759438717","copyright":"","focal_length":"0","iso":"0","shutter_speed":"0","title":"","orientation":"1","keywords":[]}},"post":131200,"source_url":"https:\/\/www.notariosyregistradores.com\/web\/wp-content\/uploads\/2025\/10\/Palma_de_Mallorca-nocturna.jpg","_links":{"self":[{"href":"https:\/\/www.notariosyregistradores.com\/web\/wp-json\/wp\/v2\/media\/131202","targetHints":{"allow":["GET"]}}],"collection":[{"href":"https:\/\/www.notariosyregistradores.com\/web\/wp-json\/wp\/v2\/media"}],"about":[{"href":"https:\/\/www.notariosyregistradores.com\/web\/wp-json\/wp\/v2\/types\/attachment"}],"author":[{"embeddable":true,"href":"https:\/\/www.notariosyregistradores.com\/web\/wp-json\/wp\/v2\/users\/10"}],"replies":[{"embeddable":true,"href":"https:\/\/www.notariosyregistradores.com\/web\/wp-json\/wp\/v2\/comments?post=131202"}],"wp:attached-to":[{"embeddable":true,"post_type":"post","id":131200,"href":"https:\/\/www.notariosyregistradores.com\/web\/wp-json\/wp\/v2\/posts\/131200"}],"curies":[{"name":"wp","href":"https:\/\/api.w.org\/{rel}","templated":true}]}}

<p>Vista nocturna de la catedral de Palma de Mallorca. Por Silvia Núñez Sánchez.</p>
