{"id":48577,"date":"2018-05-26T12:36:40","date_gmt":"2018-05-26T10:36:40","guid":{"rendered":"https:\/\/www.notariosyregistradores.com\/web\/wp-content\/uploads\/2018\/05\/catedraticos-y-Maria-Jesus.jpg"},"modified":"2018-05-26T17:49:48","modified_gmt":"2018-05-26T15:49:48","slug":"catedraticos-y-maria-jesus","status":"inherit","type":"attachment","link":"https:\/\/www.notariosyregistradores.com\/web\/catedraticos-y-maria-jesus\/","title":{"rendered":"catedraticos-y-Maria-Jesus"},"author":10,"featured_media":0,"comment_status":"open","ping_status":"closed","template":"","meta":{"_bbp_topic_count":0,"_bbp_reply_count":0,"_bbp_total_topic_count":0,"_bbp_total_reply_count":0,"_bbp_voice_count":0,"_bbp_anonymous_reply_count":0,"_bbp_topic_count_hidden":0,"_bbp_reply_count_hidden":0,"_bbp_forum_subforum_count":0},"class_list":["post-48577","attachment","type-attachment","status-inherit"],"description":{"rendered":"<p class=\"attachment\"><a href='https:\/\/www.notariosyregistradores.com\/web\/wp-content\/uploads\/2018\/05\/catedraticos-y-Maria-Jesus.jpg'><img loading=\"lazy\" decoding=\"async\" width=\"300\" height=\"200\" src=\"https:\/\/www.notariosyregistradores.com\/web\/wp-content\/uploads\/2018\/05\/catedraticos-y-Maria-Jesus-300x200.jpg\" class=\"attachment-medium size-medium\" alt=\"\" srcset=\"https:\/\/www.notariosyregistradores.com\/web\/wp-content\/uploads\/2018\/05\/catedraticos-y-Maria-Jesus-300x200.jpg 300w, https:\/\/www.notariosyregistradores.com\/web\/wp-content\/uploads\/2018\/05\/catedraticos-y-Maria-Jesus-768x512.jpg 768w, https:\/\/www.notariosyregistradores.com\/web\/wp-content\/uploads\/2018\/05\/catedraticos-y-Maria-Jesus-1024x683.jpg 1024w, https:\/\/www.notariosyregistradores.com\/web\/wp-content\/uploads\/2018\/05\/catedraticos-y-Maria-Jesus-500x333.jpg 500w, https:\/\/www.notariosyregistradores.com\/web\/wp-content\/uploads\/2018\/05\/catedraticos-y-Maria-Jesus.jpg 1800w\" sizes=\"auto, (max-width: 300px) 100vw, 300px\" \/><\/a><\/p>\n"},"caption":{"rendered":"<p>Los catedr\u00e1ticos de derecho Civil \u00c1lvaro N\u00fa\u00f1ez Iglesias y Pedro Munar Bernat, con sus c\u00f3nyuges y M\u00aa Jes\u00fas Gil<\/p>\n"},"alt_text":"","media_type":"image","mime_type":"image\/jpeg","media_details":{"width":1800,"height":1200,"file":"2018\/05\/catedraticos-y-Maria-Jesus.jpg","sizes":{"thumbnail":{"file":"catedraticos-y-Maria-Jesus-150x150.jpg","width":150,"height":150,"mime_type":"image\/jpeg","source_url":"https:\/\/www.notariosyregistradores.com\/web\/wp-content\/uploads\/2018\/05\/catedraticos-y-Maria-Jesus-150x150.jpg"},"medium":{"file":"catedraticos-y-Maria-Jesus-300x200.jpg","width":300,"height":200,"mime_type":"image\/jpeg","source_url":"https:\/\/www.notariosyregistradores.com\/web\/wp-content\/uploads\/2018\/05\/catedraticos-y-Maria-Jesus-300x200.jpg"},"medium_large":{"file":"catedraticos-y-Maria-Jesus-768x512.jpg","width":768,"height":512,"mime_type":"image\/jpeg","source_url":"https:\/\/www.notariosyregistradores.com\/web\/wp-content\/uploads\/2018\/05\/catedraticos-y-Maria-Jesus-768x512.jpg"},"large":{"file":"catedraticos-y-Maria-Jesus-1024x683.jpg","width":1024,"height":683,"mime_type":"image\/jpeg","source_url":"https:\/\/www.notariosyregistradores.com\/web\/wp-content\/uploads\/2018\/05\/catedraticos-y-Maria-Jesus-1024x683.jpg"},"post-thumbnail":{"file":"catedraticos-y-Maria-Jesus-500x333.jpg","width":500,"height":333,"mime_type":"image\/jpeg","source_url":"https:\/\/www.notariosyregistradores.com\/web\/wp-content\/uploads\/2018\/05\/catedraticos-y-Maria-Jesus-500x333.jpg"},"full":{"file":"catedraticos-y-Maria-Jesus.jpg","width":1800,"height":1200,"mime_type":"image\/jpeg","source_url":"https:\/\/www.notariosyregistradores.com\/web\/wp-content\/uploads\/2018\/05\/catedraticos-y-Maria-Jesus.jpg"}},"image_meta":{"aperture":"0","credit":"","camera":"","caption":"","created_timestamp":"0","copyright":"Javier L. Navarrete","focal_length":"0","iso":"0","shutter_speed":"0","title":"","orientation":"0","keywords":[]}},"post":null,"source_url":"https:\/\/www.notariosyregistradores.com\/web\/wp-content\/uploads\/2018\/05\/catedraticos-y-Maria-Jesus.jpg","_links":{"self":[{"href":"https:\/\/www.notariosyregistradores.com\/web\/wp-json\/wp\/v2\/media\/48577","targetHints":{"allow":["GET"]}}],"collection":[{"href":"https:\/\/www.notariosyregistradores.com\/web\/wp-json\/wp\/v2\/media"}],"about":[{"href":"https:\/\/www.notariosyregistradores.com\/web\/wp-json\/wp\/v2\/types\/attachment"}],"author":[{"embeddable":true,"href":"https:\/\/www.notariosyregistradores.com\/web\/wp-json\/wp\/v2\/users\/10"}],"replies":[{"embeddable":true,"href":"https:\/\/www.notariosyregistradores.com\/web\/wp-json\/wp\/v2\/comments?post=48577"}]}}

<p>Los catedráticos de derecho Civil Álvaro Núñez Iglesias y Pedro Munar Bernat, con sus cónyuges y Mª Jesús Gil</p>
