{"id":72138,"date":"2020-06-12T23:55:27","date_gmt":"2020-06-12T21:55:27","guid":{"rendered":"https:\/\/www.notariosyregistradores.com\/web\/wp-content\/uploads\/2020\/06\/Casas-Ib\u00e1\u00f1ez-panoramica-Albacete-pq.jpg"},"modified":"2020-06-18T17:30:32","modified_gmt":"2020-06-18T15:30:32","slug":"casas-ibanez-panoramica-albacete-pq","status":"inherit","type":"attachment","link":"https:\/\/www.notariosyregistradores.com\/web\/notarios-y-registradores\/attachment\/casas-ibanez-panoramica-albacete-pq\/","title":{"rendered":"Casas-Ib\u00e1\u00f1ez-panoramica-Albacete-pq"},"author":10,"featured_media":0,"comment_status":"open","ping_status":"closed","template":"","meta":{"_bbp_topic_count":0,"_bbp_reply_count":0,"_bbp_total_topic_count":0,"_bbp_total_reply_count":0,"_bbp_voice_count":0,"_bbp_anonymous_reply_count":0,"_bbp_topic_count_hidden":0,"_bbp_reply_count_hidden":0,"_bbp_forum_subforum_count":0},"class_list":["post-72138","attachment","type-attachment","status-inherit"],"description":{"rendered":"<p class=\"attachment\"><a href='https:\/\/www.notariosyregistradores.com\/web\/wp-content\/uploads\/2020\/06\/Casas-Ib\u00e1\u00f1ez-panoramica-Albacete-pq.jpg'><img loading=\"lazy\" decoding=\"async\" width=\"300\" height=\"214\" src=\"https:\/\/www.notariosyregistradores.com\/web\/wp-content\/uploads\/2020\/06\/Casas-Ib\u00e1\u00f1ez-panoramica-Albacete-pq.jpg\" class=\"attachment-medium size-medium\" alt=\"\" \/><\/a><\/p>\n"},"caption":{"rendered":""},"alt_text":"","media_type":"image","mime_type":"image\/jpeg","media_details":{"width":300,"height":214,"file":"2020\/06\/Casas-Ib\u00e1\u00f1ez-panoramica-Albacete-pq.jpg","sizes":{"thumbnail":{"file":"Casas-Ib\u00e1\u00f1ez-panoramica-Albacete-pq-150x150.jpg","width":150,"height":150,"mime_type":"image\/jpeg","source_url":"https:\/\/www.notariosyregistradores.com\/web\/wp-content\/uploads\/2020\/06\/Casas-Ib\u00e1\u00f1ez-panoramica-Albacete-pq-150x150.jpg"},"full":{"file":"Casas-Ib\u00e1\u00f1ez-panoramica-Albacete-pq.jpg","width":300,"height":214,"mime_type":"image\/jpeg","source_url":"https:\/\/www.notariosyregistradores.com\/web\/wp-content\/uploads\/2020\/06\/Casas-Ib\u00e1\u00f1ez-panoramica-Albacete-pq.jpg"}},"image_meta":{"aperture":"13","credit":"","camera":"Canon EOS 500D","caption":"","created_timestamp":"1437336238","copyright":"","focal_length":"46","iso":"400","shutter_speed":"0.003125","title":"","orientation":"1","keywords":[]}},"post":100,"source_url":"https:\/\/www.notariosyregistradores.com\/web\/wp-content\/uploads\/2020\/06\/Casas-Ib\u00e1\u00f1ez-panoramica-Albacete-pq.jpg","_links":{"self":[{"href":"https:\/\/www.notariosyregistradores.com\/web\/wp-json\/wp\/v2\/media\/72138","targetHints":{"allow":["GET"]}}],"collection":[{"href":"https:\/\/www.notariosyregistradores.com\/web\/wp-json\/wp\/v2\/media"}],"about":[{"href":"https:\/\/www.notariosyregistradores.com\/web\/wp-json\/wp\/v2\/types\/attachment"}],"author":[{"embeddable":true,"href":"https:\/\/www.notariosyregistradores.com\/web\/wp-json\/wp\/v2\/users\/10"}],"replies":[{"embeddable":true,"href":"https:\/\/www.notariosyregistradores.com\/web\/wp-json\/wp\/v2\/comments?post=72138"}],"wp:attached-to":[{"embeddable":true,"post_type":"page","id":100,"href":"https:\/\/www.notariosyregistradores.com\/web\/wp-json\/wp\/v2\/pages\/100"}],"curies":[{"name":"wp","href":"https:\/\/api.w.org\/{rel}","templated":true}]}}

https://www.notariosyregistradores.com/web/wp-content/uploads/2020/06/Casas-Ibáñez-panoramica-Albacete-pq.jpg

Casas-Ibáñez-panoramica-Albacete-pq

<p class="attachment"><a href='https://www.notariosyregistradores.com/web/wp-content/uploads/2020/06/Casas-Ibáñez-panoramica-Albacete-pq.jpg'><img loading="lazy" decoding="async" width="300" height="214" src="https://www.notariosyregistradores.com/web/wp-content/uploads/2020/06/Casas-Ibáñez-panoramica-Albacete-pq.jpg" class="attachment-medium size-medium" alt="" /></a></p>

2020/06/Casas-Ibáñez-panoramica-Albacete-pq.jpg

Casas-Ibáñez-panoramica-Albacete-pq-150x150.jpg

https://www.notariosyregistradores.com/web/wp-content/uploads/2020/06/Casas-Ibáñez-panoramica-Albacete-pq-150x150.jpg

Casas-Ibáñez-panoramica-Albacete-pq.jpg
