{"id":92042,"date":"2022-03-19T12:12:26","date_gmt":"2022-03-19T11:12:26","guid":{"rendered":"https:\/\/www.notariosyregistradores.com\/web\/wp-content\/uploads\/2022\/03\/Palma_de_Mallorca-playa_al_atardecer-pq.jpg"},"modified":"2022-03-19T12:14:01","modified_gmt":"2022-03-19T11:14:01","slug":"palma_de_mallorca-playa_al_atardecer-pq","status":"inherit","type":"attachment","link":"https:\/\/www.notariosyregistradores.com\/web\/normas\/informes-mensuales\/informe-330-boe-marzo-2022\/attachment\/palma_de_mallorca-playa_al_atardecer-pq\/","title":{"rendered":"Palma_de_Mallorca-playa_al_atardecer-pq"},"author":10,"featured_media":0,"comment_status":"open","ping_status":"closed","template":"","meta":{"_bbp_topic_count":0,"_bbp_reply_count":0,"_bbp_total_topic_count":0,"_bbp_total_reply_count":0,"_bbp_voice_count":0,"_bbp_anonymous_reply_count":0,"_bbp_topic_count_hidden":0,"_bbp_reply_count_hidden":0,"_bbp_forum_subforum_count":0},"class_list":["post-92042","attachment","type-attachment","status-inherit"],"description":{"rendered":"<p class=\"attachment\"><a href='https:\/\/www.notariosyregistradores.com\/web\/wp-content\/uploads\/2022\/03\/Palma_de_Mallorca-playa_al_atardecer-pq.jpg'><img loading=\"lazy\" decoding=\"async\" width=\"300\" height=\"169\" src=\"https:\/\/www.notariosyregistradores.com\/web\/wp-content\/uploads\/2022\/03\/Palma_de_Mallorca-playa_al_atardecer-pq.jpg\" class=\"attachment-medium size-medium\" alt=\"\" \/><\/a><\/p>\n"},"caption":{"rendered":"<p>Playa de Palma de Mallorca al atardecer. Por Silvia N\u00fa\u00f1ez S\u00e1nchez.<\/p>\n"},"alt_text":"","media_type":"image","mime_type":"image\/jpeg","media_details":{"width":300,"height":169,"file":"2022\/03\/Palma_de_Mallorca-playa_al_atardecer-pq.jpg","sizes":{"thumbnail":{"file":"Palma_de_Mallorca-playa_al_atardecer-pq-150x150.jpg","width":150,"height":150,"mime_type":"image\/jpeg","source_url":"https:\/\/www.notariosyregistradores.com\/web\/wp-content\/uploads\/2022\/03\/Palma_de_Mallorca-playa_al_atardecer-pq-150x150.jpg"},"full":{"file":"Palma_de_Mallorca-playa_al_atardecer-pq.jpg","width":300,"height":169,"mime_type":"image\/jpeg","source_url":"https:\/\/www.notariosyregistradores.com\/web\/wp-content\/uploads\/2022\/03\/Palma_de_Mallorca-playa_al_atardecer-pq.jpg"}},"image_meta":{"aperture":"0","credit":"","camera":"","caption":"","created_timestamp":"0","copyright":"","focal_length":"0","iso":"0","shutter_speed":"0","title":"","orientation":"0","keywords":[]}},"post":91451,"source_url":"https:\/\/www.notariosyregistradores.com\/web\/wp-content\/uploads\/2022\/03\/Palma_de_Mallorca-playa_al_atardecer-pq.jpg","_links":{"self":[{"href":"https:\/\/www.notariosyregistradores.com\/web\/wp-json\/wp\/v2\/media\/92042","targetHints":{"allow":["GET"]}}],"collection":[{"href":"https:\/\/www.notariosyregistradores.com\/web\/wp-json\/wp\/v2\/media"}],"about":[{"href":"https:\/\/www.notariosyregistradores.com\/web\/wp-json\/wp\/v2\/types\/attachment"}],"author":[{"embeddable":true,"href":"https:\/\/www.notariosyregistradores.com\/web\/wp-json\/wp\/v2\/users\/10"}],"replies":[{"embeddable":true,"href":"https:\/\/www.notariosyregistradores.com\/web\/wp-json\/wp\/v2\/comments?post=92042"}],"wp:attached-to":[{"embeddable":true,"post_type":"post","id":91451,"href":"https:\/\/www.notariosyregistradores.com\/web\/wp-json\/wp\/v2\/posts\/91451"}],"curies":[{"name":"wp","href":"https:\/\/api.w.org\/{rel}","templated":true}]}}

<p>Playa de Palma de Mallorca al atardecer. Por Silvia Núñez Sánchez.</p>
