{"id":1190,"date":"2015-01-16T10:57:29","date_gmt":"2015-01-16T09:57:29","guid":{"rendered":"http:\/\/www.notariosyregistradores.com\/web\/?page_id=1190"},"modified":"2015-01-16T10:59:50","modified_gmt":"2015-01-16T09:59:50","slug":"agregar-a-favoritos-desde-los-diferentes-navegadores","status":"publish","type":"page","link":"https:\/\/www.notariosyregistradores.com\/web\/agregar-a-favoritos-desde-los-diferentes-navegadores\/","title":{"rendered":"Agregar a Favoritos desde los diferentes navegadores"},"content":{"rendered":"<p style=\"text-align: center;\">\u00a0<span style=\"font-size: 36pt; color: #00ccff;\"><strong><span style=\"color: #3366ff;\">Agregar a favoritos<br \/>\n<\/span><\/strong><\/span><\/p>\n<ul>\n<li>\n<h5>Internet Explorer.<\/h5>\n<p>Si usas Inte<a href=\"http:\/\/practicopedia.lainformacion.com\/files\/paso1_0.jpg\"><img decoding=\"async\" class=\"fotoApoyo alignleft\" src=\"http:\/\/practicopedia.lainformacion.com\/files\/paso1_0.jpg\" alt=\"Paso 1\" width=\"125\" \/><\/a>rnet Explorer para navegar por la Red, busca en el men\u00fa principal el \u00edtem de \u201cfavoritos\u201d. Una vez all\u00ed, s\u00f3lo tienes que desplegar la pesta\u00f1a y pulsar en \u201cagregar a favoritos\u201d. Entonces se abrir\u00e1 en tu pantalla un cuadro de di\u00e1logo en el que podr\u00e1s cambiar el nombre de la p\u00e1gina que est\u00e1s guardando o dejar el que viene por defecto.\u00a0 S\u00f3lo te queda pulsar el bot\u00f3n de guardar o agregar (seg\u00fan la versi\u00f3n del navegador) para que la p\u00e1gina quede almacenada. Para recuperarla en posteriores visitas vuelve a desplegar el men\u00fa de favoritos y all\u00ed la encontrar\u00e1s.<\/p>\n<div><\/div>\n<\/li>\n<li>\n<h5>Firefox.<\/h5>\n<p>Si utilizas Firefox, tienes que <a href=\"http:\/\/practicopedia.lainformacion.com\/files\/paso1_0.jpg\"><img loading=\"lazy\" decoding=\"async\" class=\"alignleft  wp-image-1191\" src=\"https:\/\/www.notariosyregistradores.com\/web\/wp-content\/uploads\/2015\/01\/Captura-de-pantalla-2015-01-16-a-las-10.34.34-300x106.png\" alt=\"Captura de pantalla 2015-01-16 a las 10.34.34\" width=\"198\" height=\"70\" srcset=\"https:\/\/www.notariosyregistradores.com\/web\/wp-content\/uploads\/2015\/01\/Captura-de-pantalla-2015-01-16-a-las-10.34.34-300x106.png 300w, https:\/\/www.notariosyregistradores.com\/web\/wp-content\/uploads\/2015\/01\/Captura-de-pantalla-2015-01-16-a-las-10.34.34.png 341w\" sizes=\"auto, (max-width: 198px) 100vw, 198px\" \/><\/a>buscar en el men\u00fa principal la opci\u00f3n de Marcadores. Tras desplegar la pesta\u00f1a, s\u00f3lo tienes que pulsar en \u201cagregar a marcadores\u201d para que la p\u00e1gina quede guardada en tus favoritos.<\/p>\n<div><\/div>\n<\/li>\n<li>\n<h5>Opera.<\/h5>\n<p>Si navegas con O<img loading=\"lazy\" decoding=\"async\" class=\"alignleft  wp-image-1192\" src=\"https:\/\/www.notariosyregistradores.com\/web\/wp-content\/uploads\/2015\/01\/Captura-de-pantalla-2015-01-16-a-las-10.38.30.png\" alt=\"Captura de pantalla 2015-01-16 a las 10.38.30\" width=\"206\" height=\"53\" \/>pera, la forma de guardar p\u00e1ginas en favoritos es similar que con Firefox. En el men\u00fa principal busca la opci\u00f3n de \u201cmarcadores\u201d y pulsa \u201cp\u00e1gina a marcador\u201d. En este caso, el cuadro de di\u00e1logo para cambiar la informaci\u00f3n que viene por defecto es algo m\u00e1s complejo. Adem\u00e1s del nombre de la p\u00e1gina, puedes a\u00f1adir una descripci\u00f3n.<\/p>\n<div><\/div>\n<\/li>\n<li>\n<h5>Google Chrome.<\/h5>\n<p>Si usas Google Chrome, debes pulsar el <img loading=\"lazy\" decoding=\"async\" class=\"alignleft  wp-image-1194\" src=\"https:\/\/www.notariosyregistradores.com\/web\/wp-content\/uploads\/2015\/01\/crome2-300x138.png\" alt=\"crome2\" width=\"215\" height=\"99\" srcset=\"https:\/\/www.notariosyregistradores.com\/web\/wp-content\/uploads\/2015\/01\/crome2-300x138.png 300w, https:\/\/www.notariosyregistradores.com\/web\/wp-content\/uploads\/2015\/01\/crome2.png 377w\" sizes=\"auto, (max-width: 215px) 100vw, 215px\" \/>icono en forma de estrella que aparece en el men\u00fa principal,\u00a0 pulsa \u201ceditar\u201d para renombrar la p\u00e1gina o cierra directamente para guardar la p\u00e1gina con los nombres y configuraciones por defecto.<\/p>\n<p>&nbsp;<\/p>\n<p><img loading=\"lazy\" decoding=\"async\" class=\"alignleft  wp-image-1193\" src=\"https:\/\/www.notariosyregistradores.com\/web\/wp-content\/uploads\/2015\/01\/crome-300x83.png\" alt=\"crome\" width=\"221\" height=\"61\" srcset=\"https:\/\/www.notariosyregistradores.com\/web\/wp-content\/uploads\/2015\/01\/crome-300x83.png 300w, https:\/\/www.notariosyregistradores.com\/web\/wp-content\/uploads\/2015\/01\/crome.png 486w\" sizes=\"auto, (max-width: 221px) 100vw, 221px\" \/><\/li>\n<\/ul>\n<p>Para visualizarlo posteriormente s\u00f3lo tendr\u00e1s que desplegar las funciones que se encuentra en el bot\u00f3n ubicado al lado de la estrella y pinchar en la opci\u00f3n de marcadores donde nos aparecer\u00e1 la url que hemos marcado con la estrella.<\/p>\n<p>&nbsp;<\/p>\n","protected":false},"excerpt":{"rendered":"<p>\u00a0Agregar a favoritos Internet Explorer. Si usas Internet Explorer para navegar por la Red, busca en el men\u00fa principal el \u00edtem de \u201cfavoritos\u201d. Una vez all\u00ed, s\u00f3lo tienes que desplegar la pesta\u00f1a y pulsar en \u201cagregar a favoritos\u201d. Entonces se abrir\u00e1 en tu pantalla un cuadro de di\u00e1logo en el que podr\u00e1s cambiar el nombre [&hellip;]<\/p>\n","protected":false},"author":10,"featured_media":0,"parent":0,"menu_order":0,"comment_status":"closed","ping_status":"closed","template":"page-templates\/full-width.php","meta":{"_bbp_topic_count":0,"_bbp_reply_count":0,"_bbp_total_topic_count":0,"_bbp_total_reply_count":0,"_bbp_voice_count":0,"_bbp_anonymous_reply_count":0,"_bbp_topic_count_hidden":0,"_bbp_reply_count_hidden":0,"_bbp_forum_subforum_count":0,"footnotes":""},"class_list":["post-1190","page","type-page","status-publish"],"_links":{"self":[{"href":"https:\/\/www.notariosyregistradores.com\/web\/wp-json\/wp\/v2\/pages\/1190","targetHints":{"allow":["GET"]}}],"collection":[{"href":"https:\/\/www.notariosyregistradores.com\/web\/wp-json\/wp\/v2\/pages"}],"about":[{"href":"https:\/\/www.notariosyregistradores.com\/web\/wp-json\/wp\/v2\/types\/page"}],"author":[{"embeddable":true,"href":"https:\/\/www.notariosyregistradores.com\/web\/wp-json\/wp\/v2\/users\/10"}],"replies":[{"embeddable":true,"href":"https:\/\/www.notariosyregistradores.com\/web\/wp-json\/wp\/v2\/comments?post=1190"}],"version-history":[{"count":0,"href":"https:\/\/www.notariosyregistradores.com\/web\/wp-json\/wp\/v2\/pages\/1190\/revisions"}],"wp:attachment":[{"href":"https:\/\/www.notariosyregistradores.com\/web\/wp-json\/wp\/v2\/media?parent=1190"}],"curies":[{"name":"wp","href":"https:\/\/api.w.org\/{rel}","templated":true}]}}