{"id":131621,"date":"2025-10-24T17:09:15","date_gmt":"2025-10-24T15:09:15","guid":{"rendered":"https:\/\/www.notariosyregistradores.com\/web\/?page_id=131621"},"modified":"2025-11-05T21:21:55","modified_gmt":"2025-11-05T20:21:55","slug":"leer-antes-de-usar","status":"publish","type":"page","link":"https:\/\/www.notariosyregistradores.com\/web\/leer-antes-de-usar\/","title":{"rendered":"CHATBOT en pruebas"},"content":{"rendered":"<h1>\u26a0\ufe0f Aviso de uso del chatbot:<\/h1>\n<p style=\"text-align: justify;\">Esta herramienta de inteligencia artificial, basada en ChatGPT, y que tiene en cuenta de modo especial los contenidos de la web notariosyregistradores,com, <strong>EST\u00c1 EN PERIODO DE PRUEBAS.<\/strong><\/p>\n<p style=\"text-align: justify;\">El chatbot de este sitio web tiene como objetivo brindar asistencia y orientaci\u00f3n general en temas jur\u00eddicos.<\/p>\n<ul>\n<li style=\"text-align: justify;\">Le recomendamos verificar siempre la informaci\u00f3n obtenida y contrastarla con fuentes confiables.<\/li>\n<li style=\"text-align: justify;\">No garantizamos que las respuestas sean 100 % exactas, actualizadas o completas.<\/li>\n<li style=\"text-align: justify;\">El uso de este servicio se realiza bajo su propia responsabilidad.<\/li>\n<li style=\"text-align: justify;\">Ni los desarrolladores ni los administradores del sitio se hacen responsables de los resultados,\u00a0decisiones o acciones derivadas de la informaci\u00f3n proporcionada por el chatbot.\n<\/li>\n<\/ul>\n<p>&nbsp;<\/p>\n<div class='mwai-chatbot-container' data-params='{&quot;aiName&quot;:&quot;Asitente AI&quot;,&quot;userName&quot;:&quot;User: &quot;,&quot;guestName&quot;:&quot;Guest:&quot;,&quot;textSend&quot;:&quot;Enviar&quot;,&quot;textClear&quot;:&quot;Borrar&quot;,&quot;imageUpload&quot;:false,&quot;fileUpload&quot;:false,&quot;multiUpload&quot;:false,&quot;maxUploads&quot;:1,&quot;fileUploads&quot;:0,&quot;mode&quot;:&quot;chat&quot;,&quot;textInputPlaceholder&quot;:&quot;Ingresa tu mensaje&quot;,&quot;textInputMaxLength&quot;:512,&quot;textCompliance&quot;:&quot;&quot;,&quot;startSentence&quot;:&quot;Hola, \\u00bfEn qu\\u00e9 te puedo ayudar?&quot;,&quot;localMemory&quot;:false,&quot;themeId&quot;:&quot;chatgpt&quot;,&quot;window&quot;:false,&quot;icon&quot;:&quot;chat-robot-1.svg&quot;,&quot;iconText&quot;:&quot;Consulta en toda nuestra base de datos con AI&quot;,&quot;iconTextDelay&quot;:1,&quot;iconAlt&quot;:&quot;AI Engine Chatbot&quot;,&quot;iconPosition&quot;:&quot;bottom-right&quot;,&quot;centerOpen&quot;:false,&quot;width&quot;:&quot;&quot;,&quot;openDelay&quot;:&quot;&quot;,&quot;iconBubble&quot;:false,&quot;windowAnimation&quot;:&quot;zoom&quot;,&quot;fullscreen&quot;:false,&quot;copyButton&quot;:false,&quot;headerSubtitle&quot;:&quot;Realiza tu consulta, tenemos informaci\\u00f3n de todo nuestro sitio&quot;,&quot;containerType&quot;:&quot;osx&quot;,&quot;headerType&quot;:&quot;osx&quot;,&quot;messagesType&quot;:&quot;standard&quot;,&quot;inputType&quot;:&quot;standard&quot;,&quot;footerType&quot;:&quot;standard&quot;}' data-system='{&quot;botId&quot;:&quot;chatbot-9hn7sv&quot;,&quot;customId&quot;:null,&quot;userData&quot;:null,&quot;sessionId&quot;:&quot;69ddc6ea252e2&quot;,&quot;restNonce&quot;:null,&quot;contextId&quot;:131621,&quot;pluginUrl&quot;:&quot;https:\\\/\\\/www.notariosyregistradores.com\\\/web\\\/wp-content\\\/plugins\\\/ai-engine-pro\\\/&quot;,&quot;restUrl&quot;:&quot;https:\\\/\\\/www.notariosyregistradores.com\\\/web\\\/wp-json&quot;,&quot;stream&quot;:false,&quot;debugMode&quot;:false,&quot;eventLogs&quot;:false,&quot;speech_recognition&quot;:false,&quot;speech_synthesis&quot;:false,&quot;typewriter&quot;:false,&quot;crossSite&quot;:false,&quot;actions&quot;:[],&quot;blocks&quot;:[],&quot;shortcuts&quot;:[]}' data-theme='{&quot;type&quot;:&quot;internal&quot;,&quot;name&quot;:&quot;ChatGPT&quot;,&quot;themeId&quot;:&quot;chatgpt&quot;,&quot;settings&quot;:[],&quot;style&quot;:&quot;&quot;,&quot;cssUrl&quot;:&quot;https:\\\/\\\/www.notariosyregistradores.com\\\/web\\\/wp-content\\\/plugins\\\/ai-engine-pro\\\/themes\\\/chatgpt.css&quot;}'><\/div>\n<div class='mwai-chatbot-container' data-params='{&quot;aiName&quot;:&quot;Asitente AI&quot;,&quot;userName&quot;:&quot;User: &quot;,&quot;guestName&quot;:&quot;Guest:&quot;,&quot;textSend&quot;:&quot;Enviar&quot;,&quot;textClear&quot;:&quot;Borrar&quot;,&quot;imageUpload&quot;:false,&quot;fileUpload&quot;:false,&quot;multiUpload&quot;:false,&quot;maxUploads&quot;:1,&quot;fileUploads&quot;:0,&quot;mode&quot;:&quot;chat&quot;,&quot;textInputPlaceholder&quot;:&quot;Ingresa tu mensaje&quot;,&quot;textInputMaxLength&quot;:512,&quot;textCompliance&quot;:&quot;&quot;,&quot;startSentence&quot;:&quot;Hola, \\u00bfEn qu\\u00e9 te puedo ayudar?&quot;,&quot;localMemory&quot;:true,&quot;themeId&quot;:&quot;chatgpt&quot;,&quot;window&quot;:true,&quot;icon&quot;:&quot;chat-robot-1.svg&quot;,&quot;iconText&quot;:&quot;Consulta en toda nuestra base de datos con AI&quot;,&quot;iconTextDelay&quot;:1,&quot;iconAlt&quot;:&quot;AI Engine Chatbot&quot;,&quot;iconPosition&quot;:&quot;bottom-right&quot;,&quot;centerOpen&quot;:false,&quot;width&quot;:&quot;&quot;,&quot;openDelay&quot;:&quot;&quot;,&quot;iconBubble&quot;:false,&quot;windowAnimation&quot;:&quot;zoom&quot;,&quot;fullscreen&quot;:true,&quot;copyButton&quot;:false,&quot;headerSubtitle&quot;:&quot;Realiza tu consulta, tenemos informaci\\u00f3n de todo nuestro sitio&quot;,&quot;containerType&quot;:&quot;osx&quot;,&quot;headerType&quot;:&quot;osx&quot;,&quot;messagesType&quot;:&quot;standard&quot;,&quot;inputType&quot;:&quot;standard&quot;,&quot;footerType&quot;:&quot;standard&quot;}' data-system='{&quot;botId&quot;:&quot;default&quot;,&quot;customId&quot;:null,&quot;userData&quot;:null,&quot;sessionId&quot;:&quot;69ddc6ea25611&quot;,&quot;restNonce&quot;:null,&quot;contextId&quot;:131621,&quot;pluginUrl&quot;:&quot;https:\\\/\\\/www.notariosyregistradores.com\\\/web\\\/wp-content\\\/plugins\\\/ai-engine-pro\\\/&quot;,&quot;restUrl&quot;:&quot;https:\\\/\\\/www.notariosyregistradores.com\\\/web\\\/wp-json&quot;,&quot;stream&quot;:false,&quot;debugMode&quot;:false,&quot;eventLogs&quot;:false,&quot;speech_recognition&quot;:false,&quot;speech_synthesis&quot;:false,&quot;typewriter&quot;:false,&quot;crossSite&quot;:false,&quot;actions&quot;:[],&quot;blocks&quot;:[],&quot;shortcuts&quot;:[]}' data-theme='{&quot;type&quot;:&quot;internal&quot;,&quot;name&quot;:&quot;ChatGPT&quot;,&quot;themeId&quot;:&quot;chatgpt&quot;,&quot;settings&quot;:[],&quot;style&quot;:&quot;&quot;,&quot;cssUrl&quot;:&quot;https:\\\/\\\/www.notariosyregistradores.com\\\/web\\\/wp-content\\\/plugins\\\/ai-engine-pro\\\/themes\\\/chatgpt.css&quot;}'><\/div>\n<p>&nbsp;<\/p>\n","protected":false},"excerpt":{"rendered":"<p>\u26a0\ufe0f Aviso de uso del chatbot: Esta herramienta de inteligencia artificial, basada en ChatGPT, y que tiene en cuenta de modo especial los contenidos de la web notariosyregistradores,com, EST\u00c1 EN PERIODO DE PRUEBAS. El chatbot de este sitio web tiene como objetivo brindar asistencia y orientaci\u00f3n general en temas jur\u00eddicos. Le recomendamos verificar siempre la [&hellip;]<\/p>\n","protected":false},"author":10958,"featured_media":0,"parent":0,"menu_order":0,"comment_status":"closed","ping_status":"closed","template":"","meta":{"_bbp_topic_count":0,"_bbp_reply_count":0,"_bbp_total_topic_count":0,"_bbp_total_reply_count":0,"_bbp_voice_count":0,"_bbp_anonymous_reply_count":0,"_bbp_topic_count_hidden":0,"_bbp_reply_count_hidden":0,"_bbp_forum_subforum_count":0,"footnotes":""},"class_list":["post-131621","page","type-page","status-publish"],"_links":{"self":[{"href":"https:\/\/www.notariosyregistradores.com\/web\/wp-json\/wp\/v2\/pages\/131621","targetHints":{"allow":["GET"]}}],"collection":[{"href":"https:\/\/www.notariosyregistradores.com\/web\/wp-json\/wp\/v2\/pages"}],"about":[{"href":"https:\/\/www.notariosyregistradores.com\/web\/wp-json\/wp\/v2\/types\/page"}],"author":[{"embeddable":true,"href":"https:\/\/www.notariosyregistradores.com\/web\/wp-json\/wp\/v2\/users\/10958"}],"replies":[{"embeddable":true,"href":"https:\/\/www.notariosyregistradores.com\/web\/wp-json\/wp\/v2\/comments?post=131621"}],"version-history":[{"count":10,"href":"https:\/\/www.notariosyregistradores.com\/web\/wp-json\/wp\/v2\/pages\/131621\/revisions"}],"predecessor-version":[{"id":131966,"href":"https:\/\/www.notariosyregistradores.com\/web\/wp-json\/wp\/v2\/pages\/131621\/revisions\/131966"}],"wp:attachment":[{"href":"https:\/\/www.notariosyregistradores.com\/web\/wp-json\/wp\/v2\/media?parent=131621"}],"curies":[{"name":"wp","href":"https:\/\/api.w.org\/{rel}","templated":true}]}}